of c and w?
7
Suppose 28070*g - 27960*g - 18260 = 0. Suppose 2*c - p - 2*p = 1491, -c - 3*p + 750 = 0. Calculate the greatest common factor of g and c.
83
Let q = -1872 - -2316. Calculate the highest common factor of q and 2368.
148
Let t be (426/12)/((6 - 2)/424). Calculate the highest common divisor of t and 71.
71
Let t(p) = -p**2 + 12*p + 18. Let f be t(6). Suppose -f*j = -55*j + 77. Calculate the highest common divisor of 28 and j.
7
Let u = -599 + 599. Suppose u = 44*l - 46*l + 492. What is the highest common factor of 1107 and l?
123
Suppose 85*a = 83*a - 40. Let b be (-104)/a*(-3 + -4 - -32). Calculate the greatest common divisor of b and 104.
26
Let s = 62 + -60. Let f be (-808)/6 + s + 1/(-3). Let t be (7 - f/(-21)) + (-122)/(-6). What is the highest common divisor of 21 and t?
21
Let o = 723 + -694. Let g = 30 - o. What is the highest common factor of g and 7?
1
Suppose -3*m = -18, 5*m - 51 = -a + 31. What is the highest common factor of 1846 and a?
26
Suppose 2*l - 2750 = -4*x, 1299*x = 5*l + 1295*x - 6805. What is the highest common factor of l and 175?
35
Suppose -u - 5*j = -50 + 1, 4*j = 3*u - 109. Let v be 2/(4/198)*52/u. Calculate the highest common factor of 242 and v.
22
Let g = 41 + 7. Suppose -14*y = -3*p - 16*y + 49, -p - 3*y + 7 = 0. Let u = p - 7. Calculate the highest common factor of u and g.
12
Suppose -3*p = 6, 617 = h + 5*p - 1123. Calculate the greatest common divisor of h and 1150.
50
Suppose 40 = 112*v - 92*v. What is the greatest common divisor of v and 674?
2
Let h(a) = -a**3 - 8*a**2 - a + 10. Let s be h(-11). Let w(d) = 1239*d + 72. Let q be w(0). Calculate the highest common factor of q and s.
24
Suppose 5*c + 0*c + p = 22, 3*c = 5*p + 2. Suppose -j = c*j - 10. What is the greatest common divisor of 50 and j?
2
Let q be (-27 - 6036)*(-4)/12 - 5. What is the highest common factor of 384 and q?
96
Let y = -20 - 0. Let d be (8/y)/(1*1/(-45)). Suppose 5*t = -d + 78. What is the highest common factor of 30 and t?
6
Let q = -1823 + 1851. What is the highest common divisor of 4732 and q?
28
Let a(x) = -70*x - 943. Let r be a(-16). What is the highest common factor of 12 and r?
3
Let b(m) = -m**2 - 15. Let a be b(-5). Let p = a + 42. Suppose h + 4*h + 93 = 4*j, -p*j + 63 = 3*h. What is the greatest common divisor of 81 and j?
27
Let j be 62/(-558) + (-4051)/(-9). Let v be (2/(-5))/(5/(-625)). Calculate the greatest common factor of v and j.
50
Let m = -210 - -219. Calculate the greatest common factor of m and 294.
3
Suppose 26 = 4*x + h, -h = -5*x + h + 39. Let j(b) = 2*b - 5. Let y be j(x). Suppose 0 = 15*o + 10984 - 12469. What is the greatest common divisor of y and o?
9
Suppose 0*k + 2*k - 1210 = 0. Suppose a + 1320 = 27*a - 2*a. Calculate the greatest common divisor of k and a.
55
Suppose 0 = 566*i - 544*i - 1056. What is the greatest common factor of 25968 and i?
48
Let q(v) = 4*v + 20. Let h be q(-9). Let a be (-6)/((2/10)/(h/(-30))). Let p be 77/(-14)*a/1. Calculate the greatest common divisor of 8 and p.
8
Let d = -1089 + 302. Let i = d - -814. Calculate the greatest common factor of i and 171.
9
Suppose -17 = d + 5*b - b, d - 8 = b. Suppose -2*u - d = 11. Let t be u/(3*3/(-180)). Calculate the greatest common factor of 14 and t.
14
Suppose 5*k - f = 3041, 35*k - 37*k - 5*f + 1211 = 0. What is the greatest common divisor of k and 40?
8
Let g(i) = -i**3 - 9*i**2 - i - 9. Let x be g(-9). Suppose -3*m - 11*q + 6*q = -88, x = -4*m + 5*q + 164. What is the greatest common divisor of 27 and m?
9
Let d(u) = 2*u**2 + 1. Let r be d(-1). Suppose -2*l + 337 = k, l + 1366 = k + r*k. What is the highest common factor of 11 and k?
11
Let j be (7 - 50/(-12)) + (-1)/6. Suppose j*r + 19*r = 720. What is the highest common factor of 444 and r?
12
Suppose w + 17 = 4*y + 53, w + y - 36 = 0. What is the highest common divisor of w and 4116?
12
Let d be (-14)/(-63) - 17486/(-126). Calculate the greatest common factor of 4309 and d.
139
Let c(d) = 65*d**2 - 65*d - 471. Let m be c(-6). Calculate the highest common factor of 27 and m.
9
Let y = -294 + 474. Let i be 54 - ((-2)/6)/(20/y). What is the greatest common divisor of i and 456?
57
Let l = 87 + -9. Let v be l/10 + (-24)/30. Calculate the greatest common divisor of 189 and v.
7
Suppose 284702 = 94*y + 27236. What is the greatest common factor of 11 and y?
11
Suppose 270 = 3*k - 0*k. Let x(s) = 6*s**3 - 5*s**2 + 9*s + 1. Let h be x(3). Let d = h - 109. What is the highest common divisor of k and d?
18
Let f = 11862 + -6750. What is the greatest common factor of 72 and f?
72
Let l(s) = s**3 - 8*s**2 + 8*s + 6. Let z be l(7). Let g be (6/(-1))/(8/(-48)). Suppose -15*x + z*x = -g. What is the greatest common factor of 18 and x?
18
Let u = 33709 + -33666. Calculate the highest common factor of 17071 and u.
43
Suppose 4*t - 5*h = 556, 0*t = -t + 3*h + 146. Let b = -260 + t. Let q = 271 + b. What is the highest common divisor of q and 29?
29
Let c(n) = n**3 - 3*n**2 - 19*n + 153. Let h be c(7). What is the highest common factor of h and 10152?
216
Suppose -264*o + 16292 = -84*o - 12508. Calculate the greatest common factor of o and 1820.
20
Suppose 33*r - 95 = 28*r. Let l = r - 4. Let j(h) = -h**2 - 10*h - 9. Let f be j(-4). Calculate the greatest common divisor of f and l.
15
Let k = -15478 - -15484. What is the highest common divisor of 3108 and k?
6
Suppose -39*r + 2514 = -36*r. Suppose -10*k + r = -42. Calculate the greatest common factor of k and 154.
22
Suppose 4*m + y + 83 + 55 = 0, -2*m = y + 68. Let h = m - 16. Let v = -37 - h. What is the highest common factor of v and 14?
14
Suppose -2*q = -4 + 52. Let c be (-157)/(-4) + -5 - 7/28. Let n = c + q. What is the greatest common divisor of n and 10?
10
Let v(k) = 2*k**2 + k + 2. Let p be v(3). Let g = p + -14. Suppose 27*a = 19*a + 2 + 22. Calculate the greatest common factor of a and g.
3
Suppose 96 = 2*s - 80. Let d(o) = -2412*o + 14626. Let x be d(6). Calculate the greatest common factor of x and s.
22
Let n(t) = -t**3 - 12*t**2 + 10*t + 36. Let r be n(-12). Let a be r/(-2) - 24/(6 + -14). Calculate the greatest common divisor of 108 and a.
9
Let q = 73 - 71. Suppose 0 = -q*d + 3*s - 118 - 59, -5*s = -d - 99. Let c = d + 123. What is the highest common factor of 312 and c?
39
Let v be (-8)/(-40) + -1*72/(-15). Suppose -v*o + 4*o = -12. Suppose -2 = n, 3*r + 2*n = 65 + 39. Calculate the highest common divisor of r and o.
12
Let t be ((-45)/(-63))/(2/14). Suppose 9*b - t*k - 45 = 4*b, -b = -4*k - 18. Let q = 0 + 15. Calculate the greatest common factor of q and b.
3
Suppose -5*x + 285 = -5*b, x + 2*b - 1 = 38. Suppose -3*q + 29 = 2*s, s = -3*q - 0*q + 28. What is the greatest common factor of x and q?
3
Let h(y) = -y**3 + 93*y**2 - 264*y - 468. Let j be h(90). What is the highest common divisor of j and 272?
8
Suppose 0*h = 5*z + h - 362, -3*z + 214 = -h. Suppose -5*m - 254 = -4*a, -2*m - a - 51 = 48. Let u = m + 58. What is the highest common factor of u and z?
8
Suppose -6*b + f = -101970, -b = -3*f + 4*f - 16988. Calculate the greatest common divisor of b and 58.
58
Suppose -7*o = -19*o + 660. Calculate the highest common factor of 451 and o.
11
Let g be (-3)/((-1)/584*6). Let p = g + -1402. Let r be (-2)/(-7) - p/35. What is the highest common divisor of r and 2?
2
Let f(z) = 14*z + 2*z**2 - 7 - 10 - 5*z + 23. Let p be f(-6). Calculate the highest common factor of 16 and p.
8
Let l be 200/((17/(153/6))/(4/12)). Calculate the highest common divisor of l and 76.
4
Let j be 12/((14/168)/(10/9)). Let x = 171 - j. Calculate the highest common divisor of 352 and x.
11
Suppose -4*x - u = -177, -192 = -4*x - 60*u + 64*u. What is the highest common divisor of 423 and x?
9
Suppose -4*s - 676*z + 914 = -681*z, 4*s - 918 = 3*z. Calculate the greatest common divisor of s and 21.
21
Suppose -5*p - 4806 - 121 = -d, 0 = 4*d - p - 19689. Calculate the highest common divisor of 115 and d.
23
Suppose 6*d = 499 + 1517. Suppose 25*t - 11*t = d. What is the greatest common divisor of t and 56?
8
Suppose -4*j + 148 = -3*t - t, 2*j = -4*t + 50. Let w be (628/8)/(3/18). Suppose 75 = -4*a + w. What is the greatest common divisor of a and j?
33
Suppose -4*y + 196 + 58 = 2*w, -5*w = -5*y + 310. Suppose -4*z = -2*z. Suppose -h + 18 = -z*h. Calc